t is 101002 (base 3) in base 4?
10100
What is 110122212 (base 3) in base 4?
2100032
What is -50457 (base 8) in base 13?
-95c9
-b49 (base 13) to base 15
-880
What is -21264 (base 8) in base 6?
-105044
What is 2344410 (base 5) in base 6?
534242
5b9 (base 16) to base 8
2671
What is -1021021200 (base 3) in base 7?
-132603
-1001220200 (base 3) to base 2
-101001001010110
What is -ac3 (base 13) in base 4?
-130321
What is -111111010 (base 2) in base 7?
-1322
What is 941 (base 11) in base 3?
1120000
-3950 (base 10) to base 5
-111300
-75 (base 16) to base 8
-165
-44005 (base 7) to base 14
-4005
What is 12236 (base 10) in base 2?
10111111001100
-10511 (base 10) to base 16
-290f
What is -619 (base 12) in base 9?
-1183
What is -33204 (base 5) in base 2?
-100100000000
-10512 (base 6) to base 2
-10111001100
Convert 40 (base 13) to base 16.
34
-5157 (base 8) to base 15
-bd1
Convert 7848 (base 9) to base 3.
21221122
What is 1001022220 (base 3) in base 15?
61bc
-13ef (base 16) to base 11
-391a
-4254 (base 8) to base 12
-1350
Convert -243 (base 8) to base 3.
-20001
-31230 (base 4) to base 8
-1554
Convert 1133 (base 7) to base 4.
12200
What is 100121 (base 4) in base 9?
1385
-2103000 (base 4) to base 9
-13813
-124333 (base 5) to base 13
-2352
Convert 445 (base 9) to base 7.
1031
What is 110100110 (base 2) in base 13?
266
f5b (base 16) to base 14
160b
What is -43620 (base 9) in base 2?
-111000100000111
679f (base 16) to base 13
c0c7
10134 (base 6) to base 2
10101001010
What is 2022010 (base 3) in base 7?
4614
What is -6755 (base 9) in base 14?
-1b67
What is 2931 (base 12) in base 10?
4789
-176f (base 16) to base 13
-2966
What is 2528 (base 11) in base 5?
101142
What is 3221 (base 5) in base 13?
277
-6a3d (base 15) to base 2
-101100000011110
What is -1102022 (base 3) in base 14?
-53c
-5a2 (base 11) to base 15
-32c
What is 1534 (base 12) in base 5?
34423
What is -272 (base 10) in base 11?
-228
Convert 1066 (base 7) to base 3.
112111
What is -3524 (base 6) in base 3?
-1011021
What is 21a0 (base 14) in base 8?
13300
What is 244350 (base 6) in base 7?
120243
-605 (base 9) to base 11
-407
What is 6101 (base 8) in base 15?
de2
What is 10022112 (base 3) in base 2?
100101110001
-bc98 (base 13) to base 2
-110011011010000
What is -1122221 (base 3) in base 14?
-629
11100001 (base 2) to base 13
144
What is 357 (base 10) in base 13?
216
963 (base 11) to base 8
2206
Convert 1346 (base 10) to base 4.
111002
Convert -53150 (base 7) to base 6.
-140422
What is -321323 (base 4) in base 15?
-1172
What is -213113 (base 4) in base 2?
-100111010111
Convert 142202 (base 5) to base 2.
1011100100111
1300 (base 4) to base 13
88
-515 (base 10) to base 15
-245
Convert 2856 (base 15) to base 16.
21b7
Convert 3034 (base 5) to base 10.
394
Convert -42352 (base 7) to base 11.
-7962
What is 2bd (base 15) in base 4?
21310
-1750 (base 12) to base 8
-5354
-130012 (base 4) to base 2
-11100000110
What is -4034 (base 6) in base 7?
-2404
What is -ba (base 14) in base 4?
-2210
-1182 (base 9) to base 4
-31310
Convert 22377 (base 10) to base 8.
53551
5453 (base 11) to base 2
1110000011101
-31a (base 14) to base 4
-21210
-1101112 (base 3) to base 9
-1345
Convert 1010000 (base 2) to base 11.
73
What is -410 (base 8) in base 9?
-323
What is -562 (base 9) in base 7?
-1226
Convert 11000101101 (base 2) to base 13.
948
What is 2625 (base 7) in base 15?
469
10100110110101 (base 2) to base 6
121233
What is 2002111002 (base 3) in base 5?
2304202
-16e38 (base 15) to base 13
-27944
-315 (base 14) to base 3
-211111
What is -2252 (base 8) in base 4?
-102222
Convert 1011011011001 (base 2) to base 9.
8018
Convert -540a (base 15) to base 7.
-102565
Convert -1736 (base 8) to base 12.
-6a6
6618 (base 13) to base 2
11011110001001
What is -34b (base 12) in base 4?
-13223
-1c0 (base 16) to base 12
-314
-1752 (base 8) to base 5
-13002
Convert -1101222 (base 4) to base 6.
-40110
What is -3001 (base 6) in base 2?
-1010001001
-23 (base 16) to base 3
-1022
What is -870 (base 13) in base 10?
-1443
-22 (base 13) to base 3
-1001
-1112303 (base 4) to base 14
-204b
Convert 7bc (base 16) to base 8.
3674
What is -21d (base 15) in base 5?
-3403
-233222 (base 6) to base 11
-14180
What is -2957 (base 15) in base 16?
-2299
Convert 2420 (base 5) to base 7.
1023
What is -1a7 (base 14) in base 7?
-1000
81b (base 12) to base 4
102113
Convert 4286 (base 10) to base 9.
5782
What is 267 (base 13) in base 9?
520
683b (base 12) to base 9
16772
Convert -26036 (base 8) to base 11.
-8538
Convert 112051 (base 7) to base 14.
7398
Convert 1101001001101 (base 2) to base 4.
1221031
-66 (base 16) to base 9
-123
What is -45403 (base 7) in base 12?
-67ba
37a3 (base 12) to base 10
6315
925 (base 13) to base 2
11000010000
Convert -13213 (base 4) to base 14.
-26b
What is -3a40 (base 11) in base 6?
-40143
-15a (base 15) to base 5
-2220
Convert -60c0 (base 13) to base 10.
-13338
Convert 175 (base 11) to base 12.
14b
Convert 256 (base 10) to base 2.
100000000
What is -1163 (base 15) in base 13?
-18b1
Convert -12443 (base 5) to base 10.
-998
What is 1126 (base 7) in base 5?
3122
Convert 1011111110 (base 2) to base 15.
361
What is -1040 (base 7) in base 12?
-26b
-2121 (base 4) to base 16
-99
11101010 (base 2) to base 3
22200
-11122 (base 5) to base 13
-487
Convert 2133 (base 8) to base 3.
1112022
What is -2001 (base 5) in base 13?
-164
What is -100001211 (base 3) in base 11?
-4a6a
Convert 706 (base 12) to base 7.
2646
What is 1b13 (base 12) in base 2?
110011111111
What is -2658 (base 9) in base 8?
-3715
Convert -42414 (base 5) to base 12.
-17a3
365b (base 12) to base 11
4663
What is -4687 (base 10) in base 5?
-122222
Convert -210100212 (base 3) to base 13.
-7121
Convert 100110111 (base 2) to base 7.
623
Convert -14451 (base 6) to base 12.
-1427
Convert 2122 (base 5) to base 6.
1155
-15441 (base 10) to base 9
-23156
1589 (base 11) to base 14
a53
143 (base 8) to base 2
1100011
What is 50182 (base 10) in base 15?
ed07
What is 100001 (base 3) in base 11?
202
-1201013 (base 5) to base 9
-33163
-1201 (base 3) to base 16
-2e
-555 (base 10) to base 11
-465
What is 54 (base 6) in base 5?
114
What is 209 (base 12) in base 6?
1213
364 (base 9) to base 12
211
Convert 121410 (base 5) to base 4.
1013331
61d8 (base 16) to base 5
1300143
111001110 (base 2) to base 12
326
What is -203043 (base 5) in base 16?
-19f8
-12c7a (base 14) to base 12
-229b8
What is -105240 (base 8) in base 4?
-20222200
Convert -100211100 (base 3) to base 6.
-53100
2299 (base 16) to base 14
3329
What is 53454 (base 7) in base 9?
20173
-11b18 (base 12) to base 10
-24068
Convert a2b7 (base 13) to base 12.
10bb6
Convert 2120003 (base 4) to base 6.
113015
133366 (base 7) to base 10
25234
1703 (base 10) to base 2
11010100111
Convert -c15 (base 13) to base 6.
-13250
What is -103002 (base 8) in base 7?
-202006
Convert 10111010110000 (base 2) to base 8.
27260
1012011 (base 3) to base 13
51a
What is 11100 (base 4) in base 9?
413
-8026 (base 11) to base 7
-43061
Convert 20662 (base 7) to base 5.
131030
Convert -56375 (base 9) to base 8.
-111162
Convert -6065 (base 9) to base 15.
-14a8
What is 472 (base 11) in base 2?
1000110011
2578 (base 12) to base 6
31432
What is -3031 (base 4) in base 15?
-da
What is 13154 (base 6) in base 9?
2677
What is 6581 (base 13) in base 16?
3734
Convert -16418 (base 10) to base 14.
-5daa
What is 36ca (base 15) in base 14?
4373
Convert -155343 (base 7) to base 16.
-77f1
What is 736 (base 12) in base 6?
4510
What is 1011100100 (base 2) in base 5?
10430
-3200 (base 5) to base 7
-1145
What is -2a8 (base 13) in base 7?
-1250
Convert -1430 (base 6) to base 3.
-112000
Convert -208 (base 16) to base 3.
-201021
Convert 100111001100111 (base 2) to base 5.
1120241
Convert 376 (base 12) to base 9.
640
Convert -b38 (base 12) to base 11.
-1250
-5001 (base 10) to base 3
-20212020
Convert 3146 (base 8) to base 15.
743
What is 1655 (base 7) in base 16?
2a5
Convert 262 (base 11) to base 9.
374
Convert -8bb (base 15) to base 14.
-a12
Convert 9829 (base 10) to base 16.
2665
What is 4625 (base 7) in base 10?
1685
Convert 388 (base 16) to base 2.
1110001000
What is -244 (base 6) in base 7?
-202
What is a9a (base 15) in base 6?
15031
Convert 40993 (base 10) to base 2.
1010000000100001
1503 (base 6) to base 13
249
-